{"id":1195,"date":"2020-04-14T08:54:20","date_gmt":"2020-04-14T06:54:20","guid":{"rendered":"http:\/\/www.vgsgehrde.de\/?page_id=1195"},"modified":"2020-04-14T08:57:57","modified_gmt":"2020-04-14T06:57:57","slug":"schulsong","status":"publish","type":"page","link":"https:\/\/vgsgehrde.de\/index.php\/hauptpunkt\/schulsong\/","title":{"rendered":"Schulsong"},"content":{"rendered":"<p>Wir sind die VGS Gehrde<\/p>\n<p>Hier mitten im Artland, ob du\u00b4s glaubst oder nicht &#8230;ahaha&#8230; oh yeah!<br \/>\nDa gibt\u00b4s einen Ort und da wohne ich &#8230;ahaha&#8230; oh yeah!<br \/>\nMit der Kirche, der Eiche, dem dicken Stein,<br \/>\nDer Pumpe, der Schule, na wo kann das sein?<br \/>\nZwischen W\u00e4ldern und Wiesen, ein sch\u00f6ner Fleck Erde &#8211;<br \/>\nJa nat\u00fcrlich in Gehrde!<\/p>\n<p>Jeden Morgen steh\u2018n wir vor der gr\u00fcnen T\u00fcr &#8230;ahaha&#8230; oh yeah!<br \/>\nAlle Lehrer und Sch\u00fcler die treffen sich hier &#8230;ahaha&#8230; oh yeah!<br \/>\nJeder Schultag startet mit Trara und Hallo,<br \/>\nmit viel guter Laune und Spa\u00df sowieso!<br \/>\nGuten Morgen, dass es ein toller Schultag werde &#8211;<br \/>\nAn der VGS Gehrde!<\/p>\n<p>An unserer Schule, da erleben wir viel &#8230;ahaha\u2026 oh yeah!<br \/>\nGemeinsam zu lernen, das ist unser Ziel &#8230;ahaha&#8230; oh yeah!<br \/>\nDeutsch-Mathe, Englisch und Sachunterricht,<br \/>\nSport, Reli, Musik, die Pause in Sicht!<br \/>\nWir w\u00fcnschen, dass es ne sch\u00f6ne Schulzeit werde &#8211;<br \/>\nAn der VGS Gehrde!<\/p>\n<p>Wir sind gl\u00fccklich Gehrder Kinder zu sein &#8230;ahaha\u2026 oh yeah!<br \/>\nHier im Dorf zu leben das finden wir fein &#8230;ahaha\u2026 oh yeah!<br \/>\nAus Gro\u00df Drehle, Klein Drehle, R\u00fcsfort und Helle,<br \/>\nDer Schulbus bringt uns an Ort und Stelle.<br \/>\nHier ein Sch\u00fcler zu sein &#8211; das gr\u00f6\u00dfte Gl\u00fcck der Erde &#8211;<br \/>\nWir sind die VGS Gehrde!<\/p>\n","protected":false},"excerpt":{"rendered":"<p>Wir sind die VGS Gehrde Hier mitten im Artland, ob du\u00b4s glaubst oder nicht &#8230;ahaha&#8230; oh yeah! Da gibt\u00b4s einen Ort und da wohne ich &#8230;ahaha&#8230; oh yeah! Mit der &#8230; <span class=\"more\"><a class=\"more-link\" href=\"https:\/\/vgsgehrde.de\/index.php\/hauptpunkt\/schulsong\/\">[Read more&#8230;]<\/a><\/span><\/p>\n","protected":false},"author":1,"featured_media":0,"parent":32,"menu_order":0,"comment_status":"closed","ping_status":"closed","template":"","meta":{"_price":"","_stock":"","_tribe_ticket_header":"","_tribe_default_ticket_provider":"","_tribe_ticket_capacity":"0","_ticket_start_date":"","_ticket_end_date":"","_tribe_ticket_show_description":"","_tribe_ticket_show_not_going":false,"_tribe_ticket_use_global_stock":"","_tribe_ticket_global_stock_level":"","_global_stock_mode":"","_global_stock_cap":"","_tribe_rsvp_for_event":"","_tribe_ticket_going_count":"","_tribe_ticket_not_going_count":"","_tribe_tickets_list":"[]","_tribe_ticket_has_attendee_info_fields":false,"footnotes":"","_tec_slr_enabled":"","_tec_slr_layout":""},"class_list":["entry","page","publish","author-ruflindemann","post-1195"],"ticketed":false,"_links":{"self":[{"href":"https:\/\/vgsgehrde.de\/index.php\/wp-json\/wp\/v2\/pages\/1195","targetHints":{"allow":["GET"]}}],"collection":[{"href":"https:\/\/vgsgehrde.de\/index.php\/wp-json\/wp\/v2\/pages"}],"about":[{"href":"https:\/\/vgsgehrde.de\/index.php\/wp-json\/wp\/v2\/types\/page"}],"author":[{"embeddable":true,"href":"https:\/\/vgsgehrde.de\/index.php\/wp-json\/wp\/v2\/users\/1"}],"replies":[{"embeddable":true,"href":"https:\/\/vgsgehrde.de\/index.php\/wp-json\/wp\/v2\/comments?post=1195"}],"version-history":[{"count":2,"href":"https:\/\/vgsgehrde.de\/index.php\/wp-json\/wp\/v2\/pages\/1195\/revisions"}],"predecessor-version":[{"id":1201,"href":"https:\/\/vgsgehrde.de\/index.php\/wp-json\/wp\/v2\/pages\/1195\/revisions\/1201"}],"up":[{"embeddable":true,"href":"https:\/\/vgsgehrde.de\/index.php\/wp-json\/wp\/v2\/pages\/32"}],"wp:attachment":[{"href":"https:\/\/vgsgehrde.de\/index.php\/wp-json\/wp\/v2\/media?parent=1195"}],"curies":[{"name":"wp","href":"https:\/\/api.w.org\/{rel}","templated":true}]}}