{"id":2029,"date":"2024-11-10T13:47:50","date_gmt":"2024-11-10T12:47:50","guid":{"rendered":"https:\/\/vgsgehrde.de\/?page_id=2029"},"modified":"2024-11-10T13:54:14","modified_gmt":"2024-11-10T12:54:14","slug":"begabtenfoerderung","status":"publish","type":"page","link":"https:\/\/vgsgehrde.de\/index.php\/hauptpunkt\/ags-und-projekte\/begabtenfoerderung\/","title":{"rendered":"Begabtenf\u00f6rderung"},"content":{"rendered":"\n<p class=\"has-black-color has-text-color has-link-color wp-elements-5cd6a17d522164dd9f3b851f8b3aab02\">Die VGS Gehrde ist Mitglied im Kooperationsverbund zur Begabtenf\u00f6rderung (Osnabr\u00fcck Land 2). Innerhalb des Kooperationsverbundes werden von den teilnehmenden Schulen besondere Lernangebote f\u00fcr begabte Sch\u00fclerInnen im Nachmittagsbereich gestellt. So wird den Sch\u00fclerInnen erm\u00f6glicht an Angeboten zur Begabtenf\u00f6rderung von anderen Schulen aus dem Kooperationsverbund teilzunehmen. Die Klassenlehrkr\u00e4fte sprechen hierf\u00fcr gezielt geeignete Sch\u00fclerInnen an und informieren \u00fcber die Angebote.&nbsp;<\/p>\n\n\n\n<p>Teilnehmende Schulen:&nbsp;<\/p>\n\n\n\n<p>GS Alfhausen<\/p>\n\n\n\n<p>GS Ankum<\/p>\n\n\n\n<p>GS Bersenbr\u00fcck<\/p>\n\n\n\n<p>GS Eggerm\u00fchlen<\/p>\n\n\n\n<p>GS Gehrde<\/p>\n\n\n\n<p>GS Kettenkamp<\/p>\n\n\n\n<p>GS Rieste<\/p>\n\n\n\n<p>GS Merzen<\/p>\n\n\n\n<p>GS Neuenkirchen<\/p>\n\n\n\n<p>GS Voltlage<\/p>\n\n\n\n<p>GY Bersenbr\u00fcck<\/p>\n\n\n\n<p>OBS Ankum&nbsp;<\/p>\n\n\n\n<p>Genaueres zur Arbeit und den Zielen des KOV lassen sich im <a href=\"https:\/\/www.gymbsb.de\/wp-content\/uploads\/2024\/09\/Konzept-Foerderung-besonderer-Begabungen-Version-4-2024.pdf\"><strong>Konzept<\/strong><\/a> unseres KOV nachlesen.<\/p>\n\n\n\n<figure class=\"wp-block-image size-full is-resized\"><a href=\"https:\/\/www.mk.niedersachsen.de\/startseite\/schule\/lehrkrafte_und_nichtlehrendes_personal\/unterricht\/begabungsforderung\/begabungsforderung-6499.html \"><img loading=\"lazy\" decoding=\"async\" width=\"414\" height=\"322\" src=\"https:\/\/vgsgehrde.de\/wp-content\/uploads\/2024\/11\/Bildschirmfoto-2024-11-10-um-13.46.25.png\" alt=\"\" class=\"wp-image-2030\" style=\"width:147px;height:auto\" srcset=\"https:\/\/vgsgehrde.de\/wp-content\/uploads\/2024\/11\/Bildschirmfoto-2024-11-10-um-13.46.25.png 414w, https:\/\/vgsgehrde.de\/wp-content\/uploads\/2024\/11\/Bildschirmfoto-2024-11-10-um-13.46.25-300x233.png 300w\" sizes=\"auto, (max-width: 414px) 100vw, 414px\" \/><\/a><\/figure>\n\n\n\n<p><\/p>\n","protected":false},"excerpt":{"rendered":"<p>Die VGS Gehrde ist Mitglied im Kooperationsverbund zur Begabtenf\u00f6rderung (Osnabr\u00fcck Land 2). Innerhalb des Kooperationsverbundes werden von den teilnehmenden Schulen besondere Lernangebote f\u00fcr begabte Sch\u00fclerInnen im Nachmittagsbereich gestellt. So wird &#8230; <span class=\"more\"><a class=\"more-link\" href=\"https:\/\/vgsgehrde.de\/index.php\/hauptpunkt\/ags-und-projekte\/begabtenfoerderung\/\">[Read more&#8230;]<\/a><\/span><\/p>\n","protected":false},"author":1,"featured_media":0,"parent":174,"menu_order":0,"comment_status":"closed","ping_status":"closed","template":"","meta":{"_price":"","_stock":"","_tribe_ticket_header":"","_tribe_default_ticket_provider":"","_tribe_ticket_capacity":"0","_ticket_start_date":"","_ticket_end_date":"","_tribe_ticket_show_description":"","_tribe_ticket_show_not_going":false,"_tribe_ticket_use_global_stock":"","_tribe_ticket_global_stock_level":"","_global_stock_mode":"","_global_stock_cap":"","_tribe_rsvp_for_event":"","_tribe_ticket_going_count":"","_tribe_ticket_not_going_count":"","_tribe_tickets_list":"[]","_tribe_ticket_has_attendee_info_fields":false,"footnotes":"","_tec_slr_enabled":"","_tec_slr_layout":""},"class_list":["entry","page","publish","author-ruflindemann","post-2029"],"ticketed":false,"_links":{"self":[{"href":"https:\/\/vgsgehrde.de\/index.php\/wp-json\/wp\/v2\/pages\/2029","targetHints":{"allow":["GET"]}}],"collection":[{"href":"https:\/\/vgsgehrde.de\/index.php\/wp-json\/wp\/v2\/pages"}],"about":[{"href":"https:\/\/vgsgehrde.de\/index.php\/wp-json\/wp\/v2\/types\/page"}],"author":[{"embeddable":true,"href":"https:\/\/vgsgehrde.de\/index.php\/wp-json\/wp\/v2\/users\/1"}],"replies":[{"embeddable":true,"href":"https:\/\/vgsgehrde.de\/index.php\/wp-json\/wp\/v2\/comments?post=2029"}],"version-history":[{"count":2,"href":"https:\/\/vgsgehrde.de\/index.php\/wp-json\/wp\/v2\/pages\/2029\/revisions"}],"predecessor-version":[{"id":2035,"href":"https:\/\/vgsgehrde.de\/index.php\/wp-json\/wp\/v2\/pages\/2029\/revisions\/2035"}],"up":[{"embeddable":true,"href":"https:\/\/vgsgehrde.de\/index.php\/wp-json\/wp\/v2\/pages\/174"}],"wp:attachment":[{"href":"https:\/\/vgsgehrde.de\/index.php\/wp-json\/wp\/v2\/media?parent=2029"}],"curies":[{"name":"wp","href":"https:\/\/api.w.org\/{rel}","templated":true}]}}