{"id":40,"date":"2015-07-14T16:13:31","date_gmt":"2015-07-14T14:13:31","guid":{"rendered":"http:\/\/vgs.ruf-limited.de\/?page_id=40"},"modified":"2025-09-19T15:38:19","modified_gmt":"2025-09-19T13:38:19","slug":"das-team","status":"publish","type":"page","link":"https:\/\/vgsgehrde.de\/index.php\/hauptpunkt\/das-team\/","title":{"rendered":"Das Team"},"content":{"rendered":"\n<figure class=\"wp-block-image size-large\"><a href=\"https:\/\/vgsgehrde.de\/wp-content\/uploads\/2025\/09\/der-andere-fotograf_JOB01196_JO6A4969-scaled.jpg\"><img loading=\"lazy\" decoding=\"async\" width=\"1024\" height=\"683\" src=\"https:\/\/vgsgehrde.de\/wp-content\/uploads\/2025\/09\/der-andere-fotograf_JOB01196_JO6A4969-1024x683.jpg\" alt=\"\" class=\"wp-image-2085\" srcset=\"https:\/\/vgsgehrde.de\/wp-content\/uploads\/2025\/09\/der-andere-fotograf_JOB01196_JO6A4969-1024x683.jpg 1024w, https:\/\/vgsgehrde.de\/wp-content\/uploads\/2025\/09\/der-andere-fotograf_JOB01196_JO6A4969-300x200.jpg 300w, https:\/\/vgsgehrde.de\/wp-content\/uploads\/2025\/09\/der-andere-fotograf_JOB01196_JO6A4969-768x512.jpg 768w, https:\/\/vgsgehrde.de\/wp-content\/uploads\/2025\/09\/der-andere-fotograf_JOB01196_JO6A4969-1536x1024.jpg 1536w, https:\/\/vgsgehrde.de\/wp-content\/uploads\/2025\/09\/der-andere-fotograf_JOB01196_JO6A4969-2048x1365.jpg 2048w\" sizes=\"auto, (max-width: 1024px) 100vw, 1024px\" \/><\/a><\/figure>\n\n\n<p class=\"kapitel\"><strong>Mitarbeiter\/innen der Schule:<\/strong><\/p>\n<table style=\"height: 793px;\" width=\"613\" rules=\"rows\">\n<tbody>\n<tr valign=\"top\">\n<td>Rektorin:<\/td>\n<td width=\"160\">Frau B. Kolfen<\/td>\n<td>Schulleitung<\/td>\n<\/tr>\n<tr valign=\"top\">\n<td>Lehrkr\u00e4fte:<\/td>\n<td>Frau S. Gerritsen<\/td>\n<td>Fachbereich Sport, Fachbereich Musik, bewegte Schule,\u00a0Schulsportbeauftragte der Verb\u00e4nde Weser-Ems<\/td>\n<\/tr>\n<tr valign=\"top\">\n<td>\u00a0<\/td>\n<td>Frau M. Berding<\/td>\n<td>Kooperation Kindergarten, Fachbereich Kunst, Werken, Gleichstellungsbeauftragte<\/td>\n<\/tr>\n<tr valign=\"top\">\n<td>\u00a0<\/td>\n<td>Frau T. Bremer<\/td>\n<td>Fachbereich Religion, Hochbegabtenf\u00f6rderung<\/td>\n<\/tr>\n<tr valign=\"top\">\n<td>\u00a0<\/td>\n<td>Frau A. Brengelmann<\/td>\n<td>Fachbereich Sachunterricht, Schulhund<\/td>\n<\/tr>\n<tr valign=\"top\">\n<td>\u00a0<\/td>\n<td>Frau E. Lange<\/td>\n<td>Fachbereich Mathematik, Erste-Hilfe-Beauftragte<\/td>\n<\/tr>\n<tr valign=\"top\">\n<td>\u00a0<\/td>\n<td>Frau M. Prinz<\/td>\n<td>Fachbereich Deutsch, G\u00e4nsef\u00fc\u00dfchen<\/td>\n<\/tr>\n<tr valign=\"top\">\n<td>\u00a0<\/td>\n<td>Frau S. Ruf-Lindemann<\/td>\n<td>Betreuung der\u00a0Homepage und der iPads<\/td>\n<\/tr>\n<tr valign=\"top\">\n<td>\u00a0<\/td>\n<td>Frau H. Markus<\/td>\n<td>Fachbereich Englisch, Sch\u00fclerb\u00fccherei<\/td>\n<\/tr>\n<tr valign=\"top\">\n<td>\u00a0<\/td>\n<td>\u00a0<\/td>\n<td>\u00a0<\/td>\n<\/tr>\n<tr valign=\"top\">\n<td>F\u00f6rderschullehrer:<\/td>\n<td>Herr P. Koldehoff<\/td>\n<td>Fachbereich inklusive Bildung, Diagnostik (u.a. sonderp\u00e4dagogischer Unterst\u00fctzungsbedarf; bei Schwierigkeiten im Lesen, Schreiben und Rechnen), Sonderp\u00e4dagogische Beratung (f\u00fcr Kolleginnen und Eltern), Koordination F\u00f6rderplanung, Koordination Schulbegleitung<\/td>\n<\/tr>\n<tr valign=\"top\">\n<td>Schulsozial-Arbeiterin:<\/td>\n<td>&#8211;<\/td>\n<td>\u00a0<\/td>\n<\/tr>\n<tr valign=\"top\">\n<td>Abordnung:<\/td>\n<td>Frau J. Lax<\/td>\n<td>\u00a0<\/td>\n<\/tr>\n<tr valign=\"top\">\n<td>P\u00e4dagogische Mitarbeiter:<\/td>\n<td>Frau U. Burzlaff<\/td>\n<td>\u00a0<\/td>\n<\/tr>\n<tr valign=\"top\">\n<td>\u00a0<\/td>\n<td>Frau T. Pfaffenroth<\/td>\n<td>\u00a0<\/td>\n<\/tr>\n<tr valign=\"top\">\n<td>\u00a0<\/td>\n<td>Frau M. Nebel<\/td>\n<td>\u00a0<\/td>\n<\/tr>\n<tr valign=\"top\">\n<td>\u00a0<\/td>\n<td>Frau Ch. Klostermeyer<\/td>\n<td>\u00a0<\/td>\n<\/tr>\n<tr valign=\"top\">\n<td>Integrations-Helfer:<\/td>\n<td>Frau M. Escher<\/td>\n<td>\u00a0<\/td>\n<\/tr>\n<tr valign=\"top\">\n<td>\u00a0<\/td>\n<td>\u00a0<\/td>\n<td>\u00a0<\/td>\n<\/tr>\n<tr valign=\"top\">\n<td>Sekret\u00e4rin:<\/td>\n<td>Frau A. Kockert<\/td>\n<td>\u00a0<\/td>\n<\/tr>\n<tr valign=\"top\">\n<td>Hausmeister:<\/td>\n<td>Herr R. Barkhau<\/td>\n<td>\u00a0<\/td>\n<\/tr>\n<tr valign=\"top\">\n<td>\u00a0<\/td>\n<td>\u00a0<\/td>\n<td>\u00a0<\/td>\n<\/tr>\n<tr valign=\"top\">\n<td>\u00a0<\/td>\n<td>\u00a0<\/td>\n<td>\u00a0<\/td>\n<\/tr>\n<\/tbody>\n<\/table>\n\n\n<p><\/p>\n","protected":false},"excerpt":{"rendered":"<p>Mitarbeiter\/innen der Schule: Rektorin: Frau B. Kolfen Schulleitung Lehrkr\u00e4fte: Frau S. Gerritsen Fachbereich Sport, Fachbereich Musik, bewegte Schule,\u00a0Schulsportbeauftragte der Verb\u00e4nde Weser-Ems \u00a0 Frau M. Berding Kooperation Kindergarten, Fachbereich Kunst, Werken, &#8230; <span class=\"more\"><a class=\"more-link\" href=\"https:\/\/vgsgehrde.de\/index.php\/hauptpunkt\/das-team\/\">[Read more&#8230;]<\/a><\/span><\/p>\n","protected":false},"author":1,"featured_media":0,"parent":32,"menu_order":0,"comment_status":"open","ping_status":"open","template":"","meta":{"_price":"","_stock":"","_tribe_ticket_header":"","_tribe_default_ticket_provider":"","_tribe_ticket_capacity":"0","_ticket_start_date":"","_ticket_end_date":"","_tribe_ticket_show_description":"","_tribe_ticket_show_not_going":false,"_tribe_ticket_use_global_stock":"","_tribe_ticket_global_stock_level":"","_global_stock_mode":"","_global_stock_cap":"","_tribe_rsvp_for_event":"","_tribe_ticket_going_count":"","_tribe_ticket_not_going_count":"","_tribe_tickets_list":"[]","_tribe_ticket_has_attendee_info_fields":false,"footnotes":"","_tec_slr_enabled":"","_tec_slr_layout":""},"class_list":["entry","page","publish","author-ruflindemann","post-40"],"ticketed":false,"_links":{"self":[{"href":"https:\/\/vgsgehrde.de\/index.php\/wp-json\/wp\/v2\/pages\/40","targetHints":{"allow":["GET"]}}],"collection":[{"href":"https:\/\/vgsgehrde.de\/index.php\/wp-json\/wp\/v2\/pages"}],"about":[{"href":"https:\/\/vgsgehrde.de\/index.php\/wp-json\/wp\/v2\/types\/page"}],"author":[{"embeddable":true,"href":"https:\/\/vgsgehrde.de\/index.php\/wp-json\/wp\/v2\/users\/1"}],"replies":[{"embeddable":true,"href":"https:\/\/vgsgehrde.de\/index.php\/wp-json\/wp\/v2\/comments?post=40"}],"version-history":[{"count":71,"href":"https:\/\/vgsgehrde.de\/index.php\/wp-json\/wp\/v2\/pages\/40\/revisions"}],"predecessor-version":[{"id":2087,"href":"https:\/\/vgsgehrde.de\/index.php\/wp-json\/wp\/v2\/pages\/40\/revisions\/2087"}],"up":[{"embeddable":true,"href":"https:\/\/vgsgehrde.de\/index.php\/wp-json\/wp\/v2\/pages\/32"}],"wp:attachment":[{"href":"https:\/\/vgsgehrde.de\/index.php\/wp-json\/wp\/v2\/media?parent=40"}],"curies":[{"name":"wp","href":"https:\/\/api.w.org\/{rel}","templated":true}]}}